?
7
Let t = -721 - -1516. What is the tens digit of (-32)/144 + t*14/27?
1
What is the units digit of (58546/8 - 1) + (-320)/256?
6
Let s be (20 + -11)*6/9. Let f(w) = -w**2 + 6*w + 2. Let l be f(s). Suppose -251 + 349 = l*q. What is the units digit of q?
9
Suppose p = 5*f - 0*p - 50, 3 = -2*f + 5*p. Suppose -n + 127 = 4*b, 533 = 4*n + 2*b + f. What is the hundreds digit of n?
1
Suppose 0 = -5*f + 3*t + 15046, f + 0*t - 3014 = 3*t. Suppose 7*p - 1290 = f. What is the tens digit of p?
1
Let z(o) = -15*o**2 - 9*o + 10. Let y be z(3). Let p = y + 788. What is the tens digit of p?
3
Suppose -4*f - 112*p = -114*p - 189084, 0 = 5*f - 3*p - 236352. What is the units digit of f?
4
Suppose 2*z - p = 4, -2*p + 4 = 5*z + 3. Let k = -3 + 5. What is the tens digit of (0 - (z + k))/((-1)/23)?
6
Let r(x) = x**3 - 4*x**2 - 15*x + 23. Let f be r(6). Suppose -2*q = 10, f*d + 4*q = 4154 - 294. What is the units digit of d?
6
Suppose 12*r - 9*r = 1554. Let y = r - 86. What is the tens digit of y?
3
Let a(w) = -2*w**3 + 56*w**2 + 13*w + 17. What is the thousands digit of a(17)?
6
Suppose q + 22 = -3*q + 5*l, -3*q = 5*l - 1. What is the thousands digit of (-12)/(q/6*4/199)?
1
Let w(d) = 6*d**2 - 13*d + 12. Let z be w(1). What is the thousands digit of 3078/(z - (-27)/(-9))?
1
Suppose 3*a = -k + 47 + 24, k = -5*a + 119. Suppose a*t - 23*t = 452. What is the units digit of t?
2
What is the hundreds digit of (-6 - (3 + -2 - 6))*7*-53?
3
Suppose -395270 = -14*u + 1102905 - 368431. What is the tens digit of u?
9
Let u(m) = 55 - 242*m + 224*m + 26 - 23. What is the units digit of u(2)?
2
Suppose 2*b - 2 = 2. Let y be 4*b/16*(-4 + 10). Suppose -p - y*p + 752 = 3*s, 4*s - p - 1028 = 0. What is the hundreds digit of s?
2
Let n(s) = -s**3 + 77*s**2 + 8*s + 272. What is the units digit of n(76)?
6
Suppose -42*p + 250037 + 495403 = 6*p. What is the hundreds digit of p?
5
Suppose -11*i - 264 = -1496. What is the units digit of (108 - i) + 1894/((-2)/(-1))?
3
Suppose 6*s + 7*s - 338 = 0. Let f(n) = 19 + 8*n**2 + s - 59 - 4*n + 26. What is the units digit of f(3)?
2
Let b(a) = -108*a**2 + 3*a - 7. Let m(i) = 106*i**2 - 4*i + 8. Let v(t) = -7*b(t) - 6*m(t). Let y = -11 - -10. What is the tens digit of v(y)?
1
Let m = -32 - -42. Suppose m*k - 3*k = 819. Suppose 2*s + k = 3*s. What is the hundreds digit of s?
1
Let v(u) = 3*u**2 - 47*u - 39. Suppose 15*g + 16*g = 775. What is the units digit of v(g)?
1
Let v(g) = 2*g**3 - 15*g**2 + 9*g - 52. Let m be v(11). Suppose -x - 2*t - 1190 = -5*x, -t = -3*x + m. What is the tens digit of x?
9
Let a(l) = 2*l**2 + 463*l + 6. What is the hundreds digit of a(10)?
8
Suppose -5177199 + 4195816 = -167*q + 5877975. What is the tens digit of q?
7
What is the hundreds digit of (-6)/4 - (375867/2)/(-27)?
9
Suppose -3*u = r + u - 1, 0 = -2*r + u + 11. Suppose -2*c = -r*d - 977, 0 = 5*c - 2*c - 3*d - 1470. What is the hundreds digit of c?
4
Suppose 159782 = 2*d + 3*q + q, -399411 = -5*d + q. What is the hundreds digit of (-1)/(-4) + d/148?
5
Let c be ((-18)/(-27))/((-2)/(-267)). Let x be (-1)/(-2) + c/2. What is the tens digit of (-392)/(-12)*x/5?
9
Suppose -x + 1173 + 407 = 0. Suppose -1189 = -3*d - 5*t, x = -8*d + 12*d + 4*t. What is the hundreds digit of d?
3
Suppose -3*f - 2*t = -47528, -1523*f - 5*t = -1528*f + 79180. What is the ten thousands digit of f?
1
Let d(o) = 2*o**2 - 5*o - 15. Let i be d(-3). Suppose -p + 5*z = -669, -14 = -4*z - i. What is the tens digit of p?
6
Suppose -3*q + q + 10 = 0. Suppose v + 2*d = q*d + 6, -4*d - 8 = v. What is the units digit of (v/1 - -1)/((-13)/(-169))?
3
Let d be 5 - -2 - (-9 + 16). Suppose 2*p - 6*p + c + 2463 = d, -c = -p + 612. What is the hundreds digit of p?
6
Suppose 8 = 2*o - u, o + 2*u + 14 = -2*u. Suppose 0 = o*t - 4*i - 214, 5*i = t - 2*t + 135. What is the units digit of t?
5
Let m(q) = 10*q**2 + 9*q + 8. Let d be m(-1). What is the units digit of d*((-290)/(-25))/((-6)/(-15))?
1
Suppose 5*k + 10*g - 5*g - 45 = 0, 12 = 3*g. Let m be 455/3 + k*(-4)/(-60). Suppose -d + 17 = 5*q - 59, 2*d - 3*q = m. What is the tens digit of d?
7
Suppose 153*z - 132*z = 84966. What is the tens digit of z?
4
Let o = 316 - 341. What is the hundreds digit of (2570/(-75)*3)/(5/o)?
5
Let v = -550 + 501. Let n = v - -503. What is the hundreds digit of n?
4
Suppose -5*a + 353 = 9*n - 12*n, 0 = -2*a + 5*n + 126. Let l = a - 65. What is the tens digit of 3 + (-8)/(l/(-195))?
9
Suppose 10*z - 16*z = -72. Let w(i) = 6*i + 0 + 2*i - 5*i - 2. What is the tens digit of w(z)?
3
Let q = -63279 - -96619. What is the thousands digit of q?
3
Let l be -3 + (-4 - (-5 - -4)). Let q be 4 + l + (-2 - -3) + 1255. Suppose -436 - q = -10*s. What is the tens digit of s?
6
Suppose -11*v + 1292 = -1249. Suppose -3*h = -4*y - 2 + 4, 0 = 3*y - 5*h + 4. Suppose -y*i - v = -9*i. What is the tens digit of i?
3
Suppose w - 12745 = -r, -4*w + 130*r + 50948 = 126*r. What is the units digit of w?
1
Suppose 0 = 81*o - 75*o - 58962. What is the tens digit of o?
2
Let k = 8726 - -9983. What is the tens digit of k?
0
Let j(k) = k**3 + 2*k**2 - k + 6. Let z be j(-3). Let m(u) = 3*u**2 - 4 + 78 - 2*u + 7 - 2*u**2. What is the tens digit of m(z)?
8
Let i(u) = 2*u**2 - 5*u - 1. Let z be i(3). Suppose -z*q = 4*j - 370, 3*j - 3*q = -4*q + 276. Let a = -17 + j. What is the units digit of a?
4
Let x(j) = -j**3 + 11*j**2 + 11*j + 18. Let u be x(12). Suppose 4*f + u*t - t - 413 = 0, f + 5*t = 122. Let i = f + 55. What is the units digit of i?
2
Suppose 550 = 4*w + 5*s - 0*s, -5*s = w - 145. Suppose 5*j - 2385 = w. What is the units digit of j?
4
Suppose 0 = 5*s + s + 51737 - 222155. What is the ten thousands digit of s?
2
Suppose 0 = 3*m + 9 - 27. Suppose -m = 4*s - 14. Suppose 3*q + v - 320 = 0, -4*q + 551 = -s*v + 111. What is the tens digit of q?
0
Let b = 8459 + -4222. What is the tens digit of b?
3
Let f be (-15)/(-6)*(-18)/(-15) - -736. Let l = f + -364. What is the tens digit of l?
7
Let b = 37 - 3. Let q = 38 - b. Suppose 2*g - 204 = -q*j, 6*g - j - 426 = 2*g. What is the hundreds digit of g?
1
Let i = 34925 + -11624. What is the tens digit of i?
0
Let q(s) = 229*s + 4380. What is the hundreds digit of q(117)?
1
Let h be (1 + -23)/(-1) - 22/11. Suppose -4*p - 2*d + h = 2, 45 = 5*p - 2*d. Suppose p*g + 36 = 568. What is the units digit of g?
6
Let w(y) = y**3 + 97*y**2 + 120*y - 51. What is the hundreds digit of w(-95)?
5
Let x(c) = -2*c - 15. Let f be x(-10). Let i be 6574/865*(1 - (-1 + -3)). Suppose -5*j + i = b, 3*b - 12 = f*j + 162. What is the tens digit of b?
5
Let h(p) = -p**3 + p**2 - 5*p - 3. Let z be h(-2). Suppose 5*k - 22 = -2*w + 3*k, 5*w - 4*k - z = 0. Suppose -6*j + 269 = -w. What is the tens digit of j?
4
Let i = -16936 + 32006. What is the ten thousands digit of i?
1
Suppose 3*j + a - 4*a = -189, 0 = 3*j + 3*a + 177. Let g = j + -8. Let r = 161 + g. What is the tens digit of r?
9
What is the hundreds digit of 66657/5 - (11 - 1344/140)?
3
Let i be (190/(-4)*8/(-10))/(-2). Let n(w) = w**3 + 20*w**2 + 20*w + 21. Let o be n(i). Suppose -o*j + 360 = 86. What is the tens digit of j?
3
Let c be ((-19)/133)/((-3)/(-21)*-1). Suppose t - 3*s = 170, -5 = 2*s - c. What is the hundreds digit of t?
1
Suppose 169*m - 173*m + 27308 = 0. What is the units digit of m?
7
Let d(i) = -i**3 - 13*i**2 - 30*i - 2. Let u be d(-10). What is the units digit of (u - -4)/((-16)/16) + 498?
6
Let a = -168 + 184. What is the units digit of 4/a - (-2 - 2780/16)?
6
Let s be (-5 + 2/1)/(21/(-9758)). Let x = s + -962. What is the tens digit of x?
3
Let w be -6*(-5)/(-2 + -3). Let a = -4 - w. Suppose 3*u - 139 = -a*t, -88 = 4*u + t - 275. What is the tens digit of u?
4
Let k = 174 - 94. Let x = 174 - 51. Let f = x + k. What is the tens digit of f?
0
What is the hundreds digit of 15028/6 + 1512/648?
5
Suppose -w - 14 = 5*k - 15, -5*w - 17 = 3*k. Let t(b) = 221*b**2 - 13*b + 13. What is the hundreds digit of t(k)?
2
Suppose -m + 3*u + 36 = 0, -122 = -4*m + 3*u + 22. Let l be 10 - 5/((-5)/(-3)). Let c = l + m. What is the tens digit of c?
4
Let w = 90 + -90. Suppose -3*v - j + 1173 = 0, v + j - 512 + 119 = w. What is the hundreds digit of v?
3
Let n = -112 - -128. Suppose -26*o + n*o = -4600. What is the units digit of o?
0
Let f(v) = -v**2 - 6*v + 75. Let r be f(-13). What is th